528977?
8
What is the hundred thousands digit of 183298630?
2
What is the tens digit of 210731424?
2
What is the tens digit of 3347521721?
2
What is the thousands digit of 67774855?
4
What is the tens digit of 265614865?
6
What is the thousands digit of 242490281?
0
What is the millions digit of 521873597?
1
What is the hundred thousands digit of 9495867017?
8
What is the tens digit of 48570919?
1
What is the ten thousands digit of 482244894?
4
What is the millions digit of 151968872?
1
What is the ten thousands digit of 495615007?
1
What is the hundred thousands digit of 424958681?
9
What is the thousands digit of 500561807?
1
What is the hundred thousands digit of 172642526?
6
What is the hundred millions digit of 1555546916?
5
What is the thousands digit of 69623366?
3
What is the ten thousands digit of 631055856?
5
What is the thousands digit of 101483945?
3
What is the tens digit of 322740487?
8
What is the hundreds digit of 1060095866?
8
What is the ten thousands digit of 362425262?
2
What is the tens digit of 16574392?
9
What is the billions digit of 7688707013?
7
What is the millions digit of 693259733?
3
What is the thousands digit of 2167957009?
7
What is the ten millions digit of 1291356596?
9
What is the thousands digit of 565287740?
7
What is the ten thousands digit of 161878435?
7
What is the thousands digit of 19361380?
1
What is the ten millions digit of 1141781986?
4
What is the tens digit of 99566595?
9
What is the hundred thousands digit of 201025424?
0
What is the ten thousands digit of 67955023?
5
What is the hundred thousands digit of 2954437424?
4
What is the hundred thousands digit of 1016966?
0
What is the hundred millions digit of 252882290?
2
What is the ten thousands digit of 134028581?
2
What is the ten thousands digit of 217049401?
4
What is the hundreds digit of 654972116?
1
What is the units digit of 418428624?
4
What is the hundred millions digit of 134891230?
1
What is the thousands digit of 18223409?
3
What is the hundred millions digit of 150757444?
1
What is the hundred millions digit of 2081787989?
0
What is the tens digit of 60352083?
8
What is the hundred millions digit of 631083843?
6
What is the hundred millions digit of 1429921588?
4
What is the hundred thousands digit of 3170378678?
3
What is the ten millions digit of 1119595772?
1
What is the hundred thousands digit of 3988665404?
6
What is the hundred thousands digit of 50477622?
4
What is the tens digit of 1059966856?
5
What is the ten thousands digit of 73656042?
5
What is the thousands digit of 502466779?
6
What is the billions digit of 2823085998?
2
What is the ten millions digit of 3942331577?
4
What is the units digit of 307729877?
7
What is the ten thousands digit of 19119739?
1
What is the ten thousands digit of 30574804?
7
What is the units digit of 2550163302?
2
What is the units digit of 424133328?
8
What is the thousands digit of 200049810?
9
What is the tens digit of 2332129631?
3
What is the hundred millions digit of 2030458069?
0
What is the millions digit of 454887076?
4
What is the units digit of 25266535?
5
What is the ten millions digit of 1959983084?
5
What is the units digit of 92920364?
4
What is the millions digit of 478304028?
8
What is the tens digit of 29917410?
1
What is the billions digit of 4639351280?
4
What is the ten millions digit of 326600053?
2
What is the ten thousands digit of 538868476?
6
What is the units digit of 255194759?
9
What is the ten thousands digit of 11543530?
4
What is the millions digit of 399354550?
9
What is the ten thousands digit of 6381137042?
3
What is the hundreds digit of 216874231?
2
What is the millions digit of 188962711?
8
What is the hundred thousands digit of 48406642?
4
What is the units digit of 82132907?
7
What is the millions digit of 4192140059?
2
What is the ten thousands digit of 55801597?
0
What is the ten millions digit of 6096246633?
9
What is the millions digit of 862366515?
2
What is the millions digit of 15618254?
5
What is the hundreds digit of 1498520229?
2
What is the hundreds digit of 206539557?
5
What is the ten thousands digit of 138988465?
8
What is the hundred millions digit of 1548622953?
5
What is the hundred thousands digit of 49256837?
2
What is the hundreds digit of 107937054?
0
What is the ten thousands digit of 34789646?
8
What is the thousands digit of 86559297?
9
What is the hundreds digit of 548504892?
8
What is the units digit of 28168179?
9
What is the hundred thousands digit of 90331903?
3
What is the hundreds digit of 121970784?
7
What is the hundred thousands digit of 288784298?
7
What is the millions digit of 44574152?
4
What is the units digit of 1940514149?
9
What is the units digit of 1083432423?
3
What is the tens digit of 80909180?
8
What is the ten thousands digit of 89813480?
1
What is the thousands digit of 66693825?
3
What is the hundred millions digit of 418520737?
4
What is the hundred millions digit of 2019764282?
0
What is the thousands digit of 77411023?
1
What is the ten thousands digit of 94316751?
1
What is the ten thousands digit of 1482644983?
4
What is the hundred thousands digit of 120180693?
1
What is the ten thousands digit of 105373593?
7
What is the hundred thousands digit of 43733406?
7
What is the millions digit of 1715330395?
5
What is the hundred millions digit of 174552195?
1
What is the units digit of 1685797667?
7
What is the thousands digit of 161411199?
1
What is the ten millions digit of 430790987?
3
What is the ten thousands digit of 295553410?
5
What is the units digit of 42782845?
5
What is the tens digit of 2294356167?
6
What is the hundred thousands digit of 6212186?
2
What is the thousands digit of 3610208729?
8
What is the tens digit of 550821900?
0
What is the thousands digit of 735270243?
0
What is the hundreds digit of 201512914?
9
What is the ten millions digit of 220223100?
2
What is the millions digit of 33726288?
3
What is the ten thousands digit of 4512241834?
4
What is the units digit of 2377260890?
0
What is the ten thousands digit of 581950270?
5
What is the hundreds digit of 249466304?
3
What is the hundred thousands digit of 35684136?
6
What is the ten thousands digit of 6369239354?
3
What is the tens digit of 13536995?
9
What is the hundred thousands digit of 353274981?
2
What is the hundred thousands digit of 255133513?
1
What is the ten thousands digit of 60619669?
1
What is the tens digit of 977004695?
9
What is the thousands digit of 10968231?
8
What is the units digit of 673096363?
3
What is the units digit of 497548787?
7
What is the ten thousands digit of 209637871?
3
What is the ten millions digit of 67778766?
6
What is the ten thousands digit of 39684392?
8
What is the millions digit of 180723985?
0
What is the thousands digit of 371585019?
5
What is the hundred thousands digit of 499542776?
5
What is the millions digit of 158772027?
8
What is the tens digit of 168960931?
3
What is the tens digit of 54659857?
5
What is the hundred millions digit of 657532673?
6
What is the ten thousands digit of 280674326?
7
What is the hundred thousands digit of 371061528?
0
What is the ten thousands digit of 910895032?
9
What is the ten thousands digit of 239822538?
2
What is the thousands digit of 4548376872?
6
What is the units digit of 60293564?
4
What is the billions digit of 2328337760?
2
What is the thousands digit of 203420626?
0
What is the units digit of 117824119?
9
What is the hundred thousands digit of 1600685782?
6
What is the hundreds digit of 38490189?
1
What is the billions digit of 5697380680?
5
What is the thousands digit of 84269665?
9
What is the thousands digit of 7948152300?
2
What is the units digit of 5497421369?
9
What is the hundred millions digit of 5499365401?
4
What is the tens digit of 996548208?
0
What is the ten thousands digit of 162264833?
6
What is the tens digit of 48445849?
4
What is the millions digit of 2348337555?
8
What is the tens digit of 88138033?
3
What is the billions digit of 1404426811?
1
What is the ten thousands digit of 4069198016?
9
What is the hundred millions digit of 1744417716?
7
What is the hundred millions digit of 169564427?
1
What is the ten millions digit of 415815057?
1
What is the hundred thousands digit of 244395397?
3
What is the